x).
-14
Let q = 1 + 0. Let v(o) = 3*o. Let r be v(q). Let f(m) be the third derivative of m**4/24 + m**3/6 + 15*m**2. Give f(r).
4
Let q(m) = -2*m. Let v(c) = -19*c + 1. Let r be v(-1). Let d(s) = -15*s. Let j(x) = r*q(x) - 3*d(x). Determine j(2).
10
Suppose 4*y = 3*a + 56, -4*y - 2*a + 33 = -3. Let v(c) = c**2 - 13*c + 9. Calculate v(y).
-13
Let d(u) = -u**2 + 5*u + 151. Let n be d(-10). Let a(h) = -10*h + 12. Calculate a(n).
2
Let c(i) = -2*i**2 - 2. Let f(z) = 4*z - 22. Let l = -15 - -20. Let q be f(l). Calculate c(q).
-10
Let w = -4 - -6. Let s(r) = 2*r - 3. Let c(x) be the second derivative of x**4/12 - 3*x**3/2 + 15*x**2/2 + 2*x. Let i(a) = w*c(a) + 11*s(a). Calculate i(-4).
13
Let o(c) = -3*c - 6. Let b = 320 - 328. Determine o(b).
18
Let a(s) = -9*s**3 - s**2 - s + 1. Let i(c) = c**2 + 14*c + 25. Let t be i(-12). Give a(t).
-10
Suppose -4*j + 2 = -26. Suppose -2*f + j*f - 41 = -3*u, 2*f = 3*u + 8. Let z(k) = 2*k - 8. Give z(f).
6
Let v = 439 + -440. Let r(h) = 14*h**3 + h. Determine r(v).
-15
Let n(u) = -89*u + 24*u + 19*u - 25 + 21*u + 23*u. Give n(-12).
-1
Let j(z) = 5*z**2 + 0*z**2 + 6*z + z**2 + 5 - z**3 + 0*z**2. Let y be -6 - 0*(-2)/4. Let f(g) = g**2 + 6*g + 7. Let d be f(y). Calculate j(d).
-2
Let t(r) be the second derivative of r**5/20 + 7*r**4/12 - 3*r**2 + 222*r. What is t(-6)?
30
Let u be ((-6)/(-18))/((-1)/(-6)). Let b(v) = -2 + 12*v**2 - 7*v**2 - 10*v**2 - u*v**2 - 6*v - v**3. Let s = -20 - -14. Calculate b(s).
-2
Let f(r) = -r**3 + 7*r**2 - r + 17. Suppose u - 53 = -46. Calculate f(u).
10
Suppose -5*c = z + 5, -5*z + 9*z - 1 = c. Let q(f) be the second derivative of 1/2*f**2 - 1/20*f**5 - 3*f + 0*f**4 + 1/6*f**3 + z. Determine q(-2).
7
Let n(u) = u**3 + 3*u**2 - 3*u + 4. Let r(z) = z**2 + 21*z - 50. Let t be r(-23). What is n(t)?
0
Let b be 20/(-4) - 1 - -4. Let p(x) = -2*x + 5*x + 5*x**2 - 2*x**2. Determine p(b).
6
Suppose -2*s - 50 = -40. Let i(y) be the first derivative of -3 - 4*y + 1/2*y**2. What is i(s)?
-9
Let l(n) be the third derivative of 0*n - 1/8*n**4 + 1/6*n**3 + 0 + 19*n**2. Suppose 0 = -w - 1. Calculate l(w).
4
Let d(i) = 37*i + 43*i - 33 + 1 - 83*i. Give d(0).
-32
Let c(j) = -1 + 3 + j**2 - 3*j - 1 + 2. Let i(g) = g**2 - g. Let k(b) = c(b) + 2*i(b). Determine k(3).
15
Let b be 2/(-7) + 3/((-189)/(-207)). Let j(h) = 9 - 4 + 2*h**2 + 2*h**2 - b*h**2 - 8*h. Give j(5).
-10
Let k(d) be the second derivative of -d**5/20 - d**4/3 + 5*d**2/2 - d. Let y = 33 - 63. Let u = y + 26. Calculate k(u).
5
Let p(h) = -7*h**3 + 2*h**2 + 2*h + 1. Suppose -o = -d + 2 - 12, -o - 2*d = 2. Let c(u) = u**3 - u**2. Let a(s) = o*c(s) + p(s). What is a(-4)?
-7
Let z(f) = 3 + 1 - f + 2. Suppose 2*g + 3*g = 25. Suppose -3*u - 1 + 20 = 5*x, -g*x + 3*u + 31 = 0. What is z(x)?
1
Let i(r) be the first derivative of r**3/3 - 7*r**2/2 - 16*r + 718. Determine i(-2).
2
Let h(l) = 2*l**2 - 11*l + l**2 - 13 - 3*l**2 - l**2. Let a(r) = -12*r**2 + 5*r - 3. Let d be a(1). What is h(d)?
-3
Let w(j) = -j**2 - j - 5. Let s(u) = -u**2 + 6*u - 11. Let m(y) = -s(y) + 3*w(y). Give m(-6).
-22
Suppose 12*m = 13*m - 7. Let t(s) = s**3 - 6*s**2 - 9*s + 3. Give t(m).
-11
Suppose -2*z - 20 = -5*p, z + 17 = 2*p + 2*z. Let r(k) = 4 - 4 + 11*k. Let b(q) = -264*q. Let j(w) = p*b(w) + 143*r(w). Calculate j(1).
-11
Let f(j) be the first derivative of -23*j**4/4 - j - 354. What is f(-1)?
22
Let i = 10 - 5. Let p(h) = -3229 + h + 3229. Determine p(i).
5
Suppose 6*v - 4 = -5*z + 4*v, 4*v + 4 = -4*z. Let x(d) = -113 + 227 - 112 + 3*d. Determine x(z).
8
Let i(o) = 2*o + 1. Let z(g) = g**2 + 6*g + 8. Let t(c) = -6*i(c) + z(c). Determine t(6).
2
Let s(u) be the first derivative of u**2/2 - 5*u - 17. Let i be ((-12)/(-2))/2 + 3. Give s(i).
1
Suppose -5*t = 3*a + 10, -3*t + 3 + 0 = 0. Suppose 5*s - 16 = 14. Let n(z) = -s + 6*z + 2 + 9*z**2 - 8*z**2. Calculate n(a).
-9
Let u = -30 + 30. Suppose u = -3*x - 0*x + 51. Let s = -21 + x. Let i(o) = -o**2 - 2*o + 5. Calculate i(s).
-3
Let g(h) = 10*h**3 - 2*h**2 - 3*h + 1. Let q(m) = -38*m**3 + 9*m**2 + 13*m - 4. Let d(x) = 9*g(x) + 2*q(x). Suppose -3*j = -7*j + 4. Give d(j).
14
Suppose -21*s = -26*s + 25. Let g(u) be the first derivative of u**3/3 - u**2/2 - 6*u + 3. What is g(s)?
14
Let i(q) = 3*q + 5. Let h = -284 + 280. What is i(h)?
-7
Let w(n) = -612*n - 10*n**2 + 2*n**2 + 1225*n - 613*n. What is w(2)?
-32
Let t(x) = -2*x - 8. Let i(q) = -2*q - 7. Let z(s) = -s**3 - 6*s**2 - 2*s + 8. Let b be z(-6). Let n = b - 16. Let g(d) = n*i(d) - 3*t(d). What is g(3)?
-10
Let k(u) = 5*u**2 - 14*u - 7. Let p(y) = 2*y**2 - 5*y - 2. Let m(q) = 3*k(q) - 8*p(q). Let z be m(0). Let s(i) = i - 7. What is s(z)?
-12
Suppose 1 = 3*g + 2*y + 2*y, -y = 2. Let p(v) = 2*v - 2. Let r(w) = -1. Let u(f) = g*r(f) - p(f). Suppose -5*m - 1 = -6. Calculate u(m).
-3
Let b(a) be the third derivative of -a**6/120 - a**5/12 - a**4/12 + a**3/3 + 48*a**2. Let t = -6 - -1. Give b(t).
12
Suppose o + 4*n - 17 = 15, -4*o + 3*n + 223 = 0. Let g(z) = -46 + 102 - z**3 - o + z**2. Let l be (-3 + 3)*2/4. What is g(l)?
4
Let f(l) = -2*l + l**3 + 1 - l**3 + 1259*l**2 - 2528*l**2 + 1266*l**2 - l**3. Calculate f(-2).
1
Let q(i) = -i**3 + 9*i**2 - 11*i + 26. Let d be q(8). Let s(k) be the first derivative of -3 + 3/2*k**2 + d*k + 1/3*k**3. Determine s(-2).
0
Let z(l) = l**2 + 2 + l**3 + l - 2*l**3 + l**2. Let k(m) = -m**3 - 74*m**2 + 4*m + 299. Let n be k(-74). Determine z(n).
-4
Let v(w) be the second derivative of w**5/20 - 5*w**4/6 + 5*w**3/3 - 7*w**2/2 + 2*w - 3. What is v(9)?
2
Let d(t) be the third derivative of t**4/12 - t**3/2 + 121*t**2. Let f be 132/(-21) - (-6)/21. Give d(f).
-15
Let x(s) = s**2 - 12*s + 28. Let c be (-1*1)/((-14)/112). Determine x(c).
-4
Let j(a) = -a**3 - 7*a**2 - 9*a - 10. Suppose -36 = 4*m + 2*m. Determine j(m).
8
Let o(u) be the third derivative of 1/8*u**4 + 8*u**2 + 1/3*u**3 + 0*u + 0. Let k(j) = -3*j + 1. Let q be k(1). Give o(q).
-4
Let q(s) = 2*s**3 - 2*s**2 - 2*s + 2. Suppose 120*v - 6 = 117*v. Determine q(v).
6
Let m(h) be the first derivative of -4*h**2 + 8*h + 116. Determine m(6).
-40
Let k(c) = -4*c - 4. Let y(f) = 2*f**2 + 12*f - 11. Let z be y(-7). Calculate k(z).
-16
Let o(h) = -h**2 - 3*h + 4. Let d be (3/(-9) + -1)*3. Let w(t) = -t**3 - 5*t**2 - 5*t - 6. Let m be w(d). Let u be (-10)/3*(-3)/m. Determine o(u).
-6
Let p(x) = 10*x**2 + 18*x - 24. Let y(a) = -11 - 5 - 241*a + 7*a**2 + 253*a. Let s(f) = -5*p(f) + 7*y(f). Give s(-7).
1
Let l = -32 + 34. Suppose l*h + 3 = -5*k + 32, -5*k = -3*h - 19. Let v(i) be the third derivative of i**6/120 - i**5/12 + i**4/24 + i**2. Give v(k).
5
Let j(y) = -y**3 + y + 1. Let x be j(3). Let c = x - -25. Let q(o) = -o**3 + o - 1. Determine q(c).
-7
Let b(l) = -l**2 + 7*l + 45. Suppose -d = 2*c + 2, 4*d + 3*c = 8*c - 21. Determine b(d).
1
Let a(d) be the second derivative of d**5/20 + 4*d**4/3 + 5*d**2/2 + 10*d. Let x be a(-16). Let h(g) = g**3 - 5*g**2 + g - 3. What is h(x)?
2
Suppose 18 = 7*m + 67. Let i(b) = 3*b + 22. What is i(m)?
1
Let k(g) = 1 - 4*g + 8*g + 4 - g**2. Let i(c) = -3*c**2 + 8*c**2 + 4*c**2 - 6*c**2 + 1. Let x be i(-1). Determine k(x).
5
Let x(f) be the first derivative of -f**4/4 - 7*f**3/3 - f**2/2 - 10*f - 2. Suppose 3*o = -4*q - 13, -5*q = -4*o + 59 - 4. Give x(q).
-3
Let k(c) = -664155 + 664155 + c - 10*c**2. Give k(-2).
-42
Let l(c) be the third derivative of 7*c**4/24 + c**3/3 + 215*c**2. What is l(-6)?
-40
Let z = -15 + 19. Suppose -2*y - z*w = -6 - 14, -17 = -5*y + w. Let f(n) = n - 4. What is f(y)?
0
Let u(h) = 176 + 0*h - 175 + 3*h. Let o(z) = -z**3 + 8*z**2 - 8*z + 6. Let w be o(7). Calculate u(w).
-2
Let r(y) = -2*y**2 - 6*y - 10. Let q(u) = -3*u**2 - 6*u - 11. Let j(b) = -3*q(b) + 4*r(b). Let s = 1377 + -1370. What is j(s)?
0
Let l(y) be the third derivative of 1/12*y**4 + 0 + 1/3*y**3 + 10*y**2 + 0*y - 1/60*y**5. Calculate l(4).
-6
Let k(w) be the second derivative of -1/20*w**5 + 4*w + 1/6*w**3 + 5/12*w**4 + 0 + 3*w**2. Determine k(5).
11
Suppose 10 = 4*a - 22. Let c = -9 + a. Let r be (-3 - -7)*c - -1. Let s(w) = -7*w - 2. Determine s(r).
19
Let p(n) = -4*n**2 - 4. Let i(u) = 9*u**2 + 5*u + 3. Let v(x) = -x**2 - x. Let h(j) = -i(j) - 5*v(j). Let t(z) = -5*h(z) + 4*p(z). Calculate t(-1).
3
Let u be (-120)/84 + 1 - 16/28. Suppose -5*q + 8 + 12 = 0. Let i(z) = q +